5. What is the remainder when w(7) is divided by 14?
12
Let g(s) = -s**2 + 5*s - 4. Suppose -j = -5*y + 15, 0 = 5*y - 12 - 8. Let k be g(j). Calculate the remainder when (-4 - -2)/(k/256) is divided by 26.
24
Let v = -15007 - -15213. What is the remainder when 785 is divided by v?
167
Suppose 15*m = 71 - 41. Calculate the remainder when 184 is divided by (-1)/m*(-10 - 24).
14
Suppose 4*s + 2*d - 355 = 263, d = -5*s + 774. What is the remainder when 324 is divided by s?
14
Let v = -6167 + 6748. Calculate the remainder when v is divided by 47.
17
Let s(b) = -b**3 - 5*b**2 - 4*b + 6. Let c(d) = -d**2 + 28*d + 71. What is the remainder when c(20) is divided by s(-5)?
23
Let x = 312 + -313. Suppose -c + 3*z = 439, -3*z + 0*z = 5*c + 2141. Calculate the remainder when c/20*(x + -3) is divided by 22.
20
Let b = -31 - -64. Let d = 119 - b. Suppose 13*x - 106 = x + 242. Calculate the remainder when d is divided by x.
28
Let v(b) = 4*b + 1771. Calculate the remainder when v(0) is divided by 24.
19
Let z(b) = -91*b**3 + b**2 + 4*b + 3. Let d be z(-1). Suppose d*m = 94*m - 87. What is the remainder when 50 is divided by m?
21
Let w(c) be the first derivative of c**4/4 - 16*c**3/3 - 3*c**2 + 20*c + 169. Calculate the remainder when w(17) is divided by 30.
27
Let x = 941 - 829. What is the remainder when x is divided by 98?
14
Let g(k) = -25*k + 564. What is the remainder when g(19) is divided by 15?
14
Let j = 8669 - 8624. What is the remainder when 4272 is divided by j?
42
Suppose 3*a - 15 = 5*j + 18, 2*j + 36 = 5*a. Suppose 0 = -5*g + 4*n + 133, -5*g + 130 = n - 6*n. Let u = g - 7. What is the remainder when u is divided by a?
4
Suppose x - 6*x = 20. Suppose 257*g - 256*g - 5*s = 74, 4*g + 4*s - 104 = 0. What is the remainder when g is divided by x/8 - (-29)/2?
6
Let k = -197 + 232. Suppose -3*n = 3*p - 624, 415 = 2*n - 0*n + p. What is the remainder when n is divided by k?
32
Suppose -3*l + 9*l - 18 = 0. Calculate the remainder when 83 is divided by 1/(l/(-462)*-7).
17
Suppose 4*v - 2754 = 3*m, 5*v - 8*v = -5*m - 2082. What is the remainder when v is divided by 250?
184
Let r(y) = 4*y - 81. Let h be r(-23). Let m = h + 228. What is the remainder when m is divided by 7?
6
Let i(a) = -a**3 - 22*a**2 + 41*a - 4. What is the remainder when 699 is divided by i(-24)?
43
Let u(s) = -104*s - 6730. What is the remainder when 475 is divided by u(-67)?
237
What is the remainder when 9/57 + (-340040)/(-380) is divided by 25?
20
Let f(v) = -v**3 - 6*v**2 - 4*v - 2. What is the remainder when f(-6) is divided by -17 - 14/(-7) - -5 - 46/(-2)?
9
Suppose 4*l + 35 = 135. Suppose 344 = 96*s - 1096. What is the remainder when l is divided by s?
10
Let k = -12671 - -12944. What is the remainder when 785 is divided by k?
239
Let p = 80 + -60. Suppose -p*y + 449 + 71 = 0. Calculate the remainder when y is divided by 8.
2
Let p = 1228 + -1226. What is the remainder when (15 - 0) + (-19 - -13) is divided by p?
1
Suppose -143394 = -184*c + 215590. What is the remainder when c is divided by 642?
25
Let p = 106 + 23. Let y = p + -113. What is the remainder when (-6)/(-15) + (-626)/(-10) is divided by y?
15
Suppose 3*i + 58 = 4*i. Let p(b) = -1951*b + 9792. What is the remainder when i is divided by p(5)?
21
Let b = 2741 - 2724. Calculate the remainder when 72 is divided by b.
4
Let j(h) = 239*h - 2613. What is the remainder when j(16) is divided by 593?
25
Suppose 0*q = -3*q - 5*n + 281, 4*n + 20 = 0. Let f = -50 + q. Calculate the remainder when 205 is divided by f.
49
Suppose 4*b + 1 = 9. Suppose b*l - 31 = l. Suppose -3*x = -5*j + l, -j + 2*j + 1 = -3*x. Calculate the remainder when 14 is divided by j.
4
Let t(c) = c**3 + 17*c**2 + 59*c + 16. Suppose -4*u + 2*u = 0. Suppose 2*a - 12 - 36 = u. Calculate the remainder when t(-7) is divided by a.
21
Let i = 246 + -438. Let h = -178 - i. What is the remainder when 67 is divided by h?
11
Suppose x - 4*f = 422, -149 = -4*x + f + 1569. What is the remainder when x is divided by 53?
6
Let y(v) = -3*v + 12. What is the remainder when (-6)/(-27) - ((-1864)/36 + -3) is divided by y(-1)?
10
Suppose 0 = 8*q - 988 + 820. Calculate the remainder when (2 - -1) + (-8 + 94 - 6) is divided by q.
20
Suppose -3*i + 7364 = 8*c + 332, 3*i + c - 7011 = 0. Calculate the remainder when i is divided by 36.
32
Suppose -222*o + 51088 = -52142. Calculate the remainder when o is divided by 226.
13
Let n(a) = 6*a + 4. Suppose -3*d + 4*b + 11 = 0, -10*b - 9 = -5*d - 8*b. What is the remainder when n(5) is divided by (d - 145/10)*(-2)/3?
7
Let l = 469 + -208. Suppose 1382*r = 1391*r - l. Calculate the remainder when 49 is divided by r.
20
Suppose 3*o + l = -13, l - 5 = 4*o + 3. What is the remainder when 224 is divided by (-16 - -17) + (2 - (o + 1))?
4
Suppose 11*p = 6*p - 100. Let f = 11 - p. Let h(k) = -k**2 + 14*k + 106. What is the remainder when h(15) is divided by f?
29
Calculate the remainder when 1115 is divided by (-6)/21 + (-152 + 155 - (-219)/7).
27
Suppose -29 = -2*q + 5*z, -62*z + 65*z + 9 = -3*q. Suppose 2*b - 3*s - 76 = 0, s - 82 - 2 = -q*b. What is the remainder when 65 is divided by b?
24
Let p = 3884 - 3749. What is the remainder when p is divided by 42?
9
Let g = 18402 - 12554. What is the remainder when g is divided by 154?
150
Let w(f) = -f**2 - 26*f + 1720. Let c = -75 + 123. What is the remainder when c is divided by w(30)?
8
Let z(j) = j**3 - j + 5. Let a be z(0). Suppose -a*x = -i - 319, -5*i = 1 - 6. Calculate the remainder when x is divided by 22.
20
Let c be 6/9*(-6 + 9). Suppose c*x - 8*x + 18 = 0. Suppose -2*y = 2*u - u - 23, -51 = -x*y + 4*u. What is the remainder when y is divided by 7?
6
Let m = 4119 + -2576. What is the remainder when m is divided by 18?
13
Let r(d) = 5*d**3 + 7*d**2 - 5*d + 11. Let h be r(5). Suppose -5*m - 101 = -h. Suppose -7*y + 473 = m. What is the remainder when y is divided by 19?
10
Suppose -2*g - 4*w + 642 = g, 0 = g - 3*w - 227. Suppose 0 = 7*k - g - 195. What is the remainder when 233 is divided by k?
56
Let t(j) be the second derivative of j**4/3 - 4*j**3/3 + 3*j**2/2 + 4*j. Let h(v) = -6*v + 74. Let m be h(13). What is the remainder when t(m) is divided by 25?
24
What is the remainder when (-8 + 13)*(39354/(-35))/(-6) is divided by 7?
6
Suppose 88*b - 22*b - 15906 = 0. What is the remainder when b is divided by 33?
10
Suppose 1314 = 13*d - 4*d. Suppose 47*f - 49*f = -d. Calculate the remainder when f is divided by 19.
16
Suppose 0 = -4*o - 56 - 16. Let b be ((-2)/(-3))/((-3)/o). Suppose 23 = b*c - 257. What is the remainder when c is divided by 18?
16
Suppose 4*b + 30 + 34 = 0. Let g be (b/12)/4*0. Suppose g = -11*t - 300 + 1268. Calculate the remainder when t is divided by 23.
19
Suppose -40*s = -46*s + 6870. Suppose -y - 5*h + 272 = 0, s = 22*y - 18*y + h. What is the remainder when y is divided by 24?
23
Let t(x) = -3*x**2 - 26*x - 10. Calculate the remainder when 569 is divided by t(-7).
19
Let s = 124 - 124. Suppose -16*n + 317 + 307 = s. What is the remainder when n is divided by 4?
3
Let x be (-6 - -3)/6*86. Let u = x + 64. Calculate the remainder when 187 is divided by u.
19
Let g(w) = -2*w**3 + 14*w**2 + 2*w - 12. Let q be g(7). Calculate the remainder when 32 is divided by ((-6375)/(-150))/(5/q).
15
Let r(k) = 3446*k + 13790. Calculate the remainder when -2*2/(-4)*37 is divided by r(-4).
1
Suppose b - 5089 = -22*v, 8*v - 728 = 5*v - 5*b. What is the remainder when 1593 is divided by v?
207
Calculate the remainder when ((-50)/200)/(4/(-84912)) is divided by 118.
115
Let l(o) be the third derivative of o**6/60 - 7*o**5/60 - 5*o**4/8 + 13*o**3/6 - o**2 - 3. Calculate the remainder when l(7) is divided by 21.
20
Let v(b) = 42*b - 5. Let x be (-6)/6*(5/5 + -2). Calculate the remainder when 59 is divided by v(x).
22
Let z be (-844)/(-36) - (-8)/(-18). Suppose 19*h = z*h - 560. Calculate the remainder when h is divided by 71.
69
Suppose -5*a + 20 = 0, 3*a - 222 = 8*o - 9*o. Calculate the remainder when 309 is divided by (16/(-7))/((-15)/o).
21
Let h(m) = -53*m - 614. What is the remainder when 1932 is divided by h(-12)?
18
Calculate the remainder when ((-123)/(-246))/(1/690) is divided by 35.
30
Let p be (-14)/21 - (-140)/3. Suppose 4*n + j - p = 0, 0 = 2*j + j + 6. Let f(x) = 19*x**2 + 4*x